 Calculate the highest common divisor of r and 16.
16
Suppose u + 478 = 3*q, 2*q - 3*u - u = 312. What is the highest common divisor of 50 and q?
10
Let h = -118 - 155. Let a = h - -566. Let m = a - 209. Calculate the highest common divisor of 12 and m.
12
Suppose -d = 5*j - 497, 300*j - 302*j + 2*d + 194 = 0. Calculate the highest common divisor of j and 153.
9
Suppose -46*o + 35*o = -55. Suppose -3*u + 68 = -o*x, 5*x - 5 = -10. Calculate the greatest common divisor of u and 189.
21
Let f be 5*(-16)/20 - (1 - 140). Let z = f + 131. What is the greatest common factor of z and 70?
14
Let r = -45 - -48. Let f be (r - -1)/(3/60). Let v be ((-4)/5)/((-2)/40). What is the highest common divisor of v and f?
16
Suppose 647*n - 18 = 650*n. Let c(z) = -23*z - 114. Let s be c(n). What is the greatest common factor of 232 and s?
8
Let r = 3106 - 2072. Calculate the highest common factor of r and 22.
22
Let y = -2835 - -3819. What is the greatest common factor of y and 24?
24
Let j(s) = s**3 - 7*s**2 + 165*s + 126. Let u be j(9). Calculate the highest common factor of u and 788.
197
Let a be 1/(4/20) + 702. Suppose -704*g - 21 = -a*g. What is the greatest common factor of 77 and g?
7
Let w(z) = z - 39. Let m be w(-12). Let x = m + 68. Suppose -x*h - 63 = -267. Calculate the highest common factor of h and 12.
12
Suppose -9*t = -12*t - 16*t. Suppose 5*a + t*z - 3*z = 76, 3*z - 22 = -2*a. What is the highest common factor of 126 and a?
14
Let a be 15933/84 - 16/(-28) - (-38)/(-152). What is the highest common factor of a and 437?
19
Let v be ((-5 - 0)/((-27)/189))/((-1)/(-3)). Calculate the highest common divisor of v and 693.
21
Suppose 5*h + 452 = 2*g - 413, 4*g - 20 = 0. Let f = h + 193. What is the greatest common factor of 154 and f?
22
Let c be (-71)/284 - (-3458)/8. What is the greatest common divisor of c and 378?
54
Let j be (24/(-14))/(((-45)/(-140))/(-9)). Let m = j - 43. Let w be m + -2 - (-7 + 9). Calculate the greatest common factor of 3 and w.
1
Let i = 1264 - 542. Let w = -19758 - -19777. Calculate the highest common divisor of i and w.
19
Let n be (-1185)/(-30) + (-3)/(-6) + -2. Calculate the highest common divisor of 5282 and n.
38
Suppose -3 = 3*i - 0, 2*i + 1201 = 16*t - 4177. Suppose 4*w + 54 = 3*q - 82, -2*w = -3*q + 140. What is the greatest common factor of t and q?
48
Suppose -h = -2*k + 456, 5*k + 4*h - 1759 = -593. What is the greatest common divisor of k and 138?
46
Suppose 0 = -4*z + c - 21 - 18, 3*z = c - 29. Let n be z*(-1)/6*3. Let g = -3 + 4. What is the greatest common factor of g and n?
1
Let s be ((-828)/(-2))/((-5)/165*-22). Calculate the highest common factor of s and 54.
27
Let w = -1340 + 2004. Suppose -63 = 17*q - 199. What is the greatest common divisor of w and q?
8
Suppose -915*v = -898*v - 918. Calculate the highest common factor of 2781 and v.
27
Let m = 222 + -130. Suppose o + 1260 = 5*a, -4*a + 177*o = 180*o - 1027. What is the greatest common factor of a and m?
23
Suppose -3*z - 2*o + 9840 = 2498, o - 12239 = -5*z. What is the greatest common factor of z and 765?
153
Let k = -237 + 240. Suppose -103 = -k*v - l, 11*v - 9*v + 3*l = 71. Calculate the greatest common divisor of 374 and v.
34
Let r(m) = 2173*m**2 + 16*m - 16. Let v be r(1). Calculate the greatest common divisor of v and 53.
53
Let h(x) = -x**2 + x + 422. Let c be h(0). Let t = -39 - -208. Suppose -4*b - 4*z = -175 - t, z = -5*b + c. Calculate the greatest common divisor of b and 12.
12
Suppose 0 = -10*g + 7 + 23. Let x be 9/(3/1) + g. Calculate the highest common factor of 10 and x.
2
Suppose 4*a - 37 = 2*a + 5*n, -2*n = -2. Let h be (252/a)/((-6)/544). Let q be ((-3)/2)/(24/h). What is the greatest common divisor of q and 170?
34
Suppose -2*g + 239 + 39 = o, 0 = 4*o - 5*g - 1164. Let q(j) = j**2 + 10*j + 35. Let v be q(-6). What is the highest common factor of v and o?
11
Let j(v) = -v**3 + 13*v**2 - 7*v - 15. Let f be j(11). Suppose -2*i = 7*i - 171. Suppose -2*k + i + 41 = 0. What is the highest common factor of k and f?
30
Suppose 2*l - 18234 = 3*n, -4*l - 728*n = -733*n - 36468. What is the greatest common divisor of 9 and l?
9
Let j = 8336 - 8196. Calculate the highest common factor of j and 44.
4
Let r = -2221 - -2368. What is the greatest common factor of 42 and r?
21
Suppose 5*l - 15 = 5*c, -5*l - 2*c = -4 + 10. Suppose -374*k + 371*k + 2304 = l. What is the greatest common divisor of k and 24?
24
Let c(l) = -16*l + 286. Let z be c(11). Let j = -499 - -539. What is the highest common factor of z and j?
10
Let w(p) = 35*p**2 + 5*p + 56. Let b be w(-7). Calculate the highest common divisor of 98 and b.
14
Let m = -1597 + 4946. What is the highest common factor of m and 68?
17
Suppose -4*f + 9 = -15*a + 18*a, 3*a + 3 = -2*f. Let y be f + 3 + (31 - 7). What is the highest common factor of y and 99?
33
Let b = 46891 - 44745. Calculate the highest common factor of b and 232.
58
Let u be 588/18 - ((-50)/6 - -5). Calculate the greatest common divisor of u and 6786.
18
Suppose 0 = -14*d + 18*d + 20. Let f(z) be the third derivative of z**4/24 + 5*z**3 - 15*z**2. Let a be f(d). What is the highest common factor of 75 and a?
25
Suppose 3*x - 1848 = -4*x - 7*x. Calculate the highest common divisor of 636 and x.
12
Let n = -166 + 168. Suppose -u + 29 = -2*i, u = n*u - 3*i - 31. What is the greatest common divisor of 10 and u?
5
Suppose -4*n + 8 = 0, -1 = -2*g + 5*g - 5*n. Suppose -g*o = 3*p - 51, 4*p + 3*o = 9 + 58. Calculate the highest common factor of p and 400.
16
Let a(q) = -q + 92. Let l be a(-3). Calculate the greatest common divisor of 38 and l.
19
Let a be 128/704 + 3362/22. Calculate the greatest common divisor of a and 10863.
153
Let g be ((-50)/15)/(-5)*126. Suppose d = -3 + g. Suppose -2*y - y - d = -5*s, 0 = -5*y - 10. What is the greatest common divisor of s and 45?
15
Let m(u) = 5*u**2 + 418*u + 165. Let q be m(-84). Let v(n) = -n**2 + 12*n + 2. Let w be v(7). What is the greatest common factor of w and q?
37
Suppose 3*k - 4*v = 572, 2*k + 40*v - 376 = 44*v. What is the greatest common factor of k and 490?
98
Let i = 2 - -2. Suppose -i*s + 523 = p, -4*s - 3*p + 529 = -0*s. Suppose 238*z - 4038 = 2150. What is the greatest common factor of z and s?
26
Let f = 8016 + -7977. What is the greatest common factor of f and 9?
3
Suppose -8*a = b - 7*a - 2, -b = -2*a - 8. Suppose b*x - 3*f - 74 = 0, x - 2*f = 17 + 4. Calculate the highest common factor of 153 and x.
17
Let w = -32227 - -32360. Calculate the highest common divisor of 1477 and w.
7
Let j(v) = -13*v - 2. Let p = 1 - 6. Let q be j(p). Let f = -42002 + 42020. Calculate the highest common factor of f and q.
9
Suppose 119 = 181*m - 2415. What is the highest common factor of m and 11802?
14
Let u(f) = 9*f**2 - 50*f - 4. Let x be u(6). Calculate the highest common divisor of x and 92.
4
Let r(w) = -3*w + 17. Let n be r(13). Let i = n - -25. Suppose 22 = -k + 5*c, -i*k - c - 4 = -6*k. What is the highest common factor of k and 48?
3
Suppose 0 = 2*v - 14, t - 25*v - 1122 = -23*v. What is the highest common divisor of 24 and t?
8
Let f = -258 - -290. Suppose 0 = 2*u + f*u - 2584. What is the highest common factor of 19 and u?
19
Let p(t) = 16*t - 14. Let s(o) = 13*o - 13. Let v(q) = 6*p(q) - 5*s(q). Let w be v(1). What is the highest common divisor of w and 36?
12
Let n be 15*(14/30)/(13/117). Let g be (4*2/(-40))/(5/(-175)). What is the greatest common divisor of g and n?
7
Suppose -5*n = -4*h + 8*h + 5, -2*n + h = -11. Suppose w = -c + 177, -n*c + 5 = 2*c. What is the highest common divisor of w and 132?
44
Let m = -67 + 62. Let a be (-4)/m*575/10. What is the highest common divisor of a and 115?
23
Let c(f) = 2*f**2 - 19*f - 18. Let z be c(-9). Let n = 485 - z. What is the highest common factor of n and 10?
10
Suppose 4*o + j + 10 = 0, 1 = -5*o + 3*j - 3. Let b be 82/4 + o/4. Suppose -2 = 6*c - b. What is the highest common divisor of c and 6?
3
Suppose -62 - 134 - 266 = -6*s. Calculate the greatest common factor of s and 649.
11
Suppose 11*c - 17 = 28*c. Let d be ((-46)/(-6))/c*(61 + -100). Calculate the highest common divisor of d and 23.
23
Let c be ((-992)/(-93))/((-5)/(-75)). Calculate the greatest common factor of c and 1632.
32
Suppose 3*b + 8 = 14, 3*y - 3*b = -12. Let j be (